(-8). Let q = -228 - -230. Suppose -3*h + 3*t = h - n, -4*h = -q*t - 1574. Is h prime?
False
Suppose 0 = z + 7 - 9, -5*z = g - 69201. Is g prime?
True
Let g = 401 - 398. Suppose -c - 3*c = -3*n - 7910, -3*c - g*n + 5943 = 0. Is c a prime number?
True
Suppose 0 = 12*o - 28 - 392. Suppose -5*i = -0*i + o. Is (-2)/(i/((-1771)/(-2))) composite?
True
Is (-1251)/834*((-1189258)/3 - 0) a prime number?
False
Let n = 5671037 + -3094488. Is n a composite number?
False
Let x = 241821 + -36964. Is x a prime number?
True
Let a(d) = d - 11 + 7*d + 8*d**2 - 13*d - 16*d + 7*d**2 + d**3. Let u = -28 + 16. Is a(u) composite?
False
Suppose 89 = q - 23. Let i be ((-6)/4)/(-3)*q/8. Suppose i*o + 121 = 2900. Is o a composite number?
False
Suppose -946*x = -948*x + 346. Let j = 790 - 310. Suppose p - x = -5*g, -j = 8*p - 11*p - 2*g. Is p composite?
True
Suppose 2*c - 273 = -3*h, 3*h = -h + c + 375. Let j(k) = 28*k - 34. Let y be j(7). Let d = y - h. Is d a prime number?
False
Let s = -10762 + 17585. Is s a composite number?
False
Let u be (0 - 2) + 3 - (-3)/1. Suppose 3607 = -s + 3*t - 2*t, -5*s - u*t - 18080 = 0. Is (s/(-140))/(6/20) prime?
False
Let i = 34 + -32. Let w(x) = x**2 - 1. Let t be w(i). Suppose -2*a - 1265 = -5*b - 305, t*a - 791 = -4*b. Is b a composite number?
True
Let j be 2 - 0/1 - 88/8. Let a be 1/(-3) + (-9255)/j + 1. Let o = a - -32. Is o prime?
True
Suppose -5*l + 225440 = 5*p - 33005, -2*p + 103376 = 3*l. Let b = 74448 - p. Is b a composite number?
True
Let c(r) be the second derivative of -71*r**3/6 - 2*r**2 - 2*r. Suppose -10*w = 122 - 62. Is c(w) a composite number?
True
Is 52478 + 1 - (10 + -9 + 1) a prime number?
False
Suppose 4*w - v - 346839 = -0*w, -3*v - 433540 = -5*w. Is w a prime number?
True
Let t(q) = -2*q**3 - 2*q**2 - 270*q - 169. Is t(-54) prime?
True
Let j = 98883 + -16292. Is j a composite number?
False
Suppose -4*i = -2*i - 4. Let d(x) be the third derivative of 89*x**6/120 - x**5/30 - x**4/24 - x**3/6 - 27*x**2. Is d(i) prime?
True
Let j be (39/(-4))/(66/(-880)). Suppose 2*m = j + 120. Let g = 456 - m. Is g a prime number?
True
Let m = -97 + 1730. Suppose w = -3*a + m, -w + 5*a + 1661 - 68 = 0. Is w prime?
False
Let d = -33 + 27. Is (-11467)/(-3)*(0 + d/(-2)) composite?
False
Is 3 + (-3 - ((-2937913)/22 + (-4)/(-8))) a prime number?
True
Let a be 17220/27 + (-3)/(108/(-8)). Let l = a - 145. Is l prime?
False
Let i = -78 + 222541. Is i a composite number?
True
Let x(w) = -2*w**3 + 4*w**2 - 3*w + 21. Let t be x(17). Let h = t - -18811. Is h a prime number?
True
Let x be 0 - 3 - ((-12)/3 - -1). Suppose 315 = -x*h + 7*h. Suppose -h = -d + 89. Is d a prime number?
False
Suppose -1 = m + 1, 2*m + 7959 = 5*z. Suppose -4868 = -3*n + z. Is n composite?
False
Suppose -8 = -2*w - 8. Let f(h) = 0 - 158*h + w + 1 + 156*h + 24*h**3 + 2*h**2. Is f(4) composite?
True
Let w(u) = -6539*u + 1504. Is w(-5) a prime number?
False
Let s = 2239 + 2580. Let c be (1 - 43)/((-10)/(1900/(-3))). Let b = c + s. Is b prime?
False
Suppose -3 = -w - 8, -4*w = -4*n + 92. Is ((-179487)/n)/(-11) - (-2)/4 a composite number?
False
Suppose 16*m + 3*m = 6787382 + 2093807. Is m a prime number?
True
Let r(y) = -73*y**2 - 5*y - 2. Let t be r(-2). Let m = 471 + t. Is m composite?
True
Suppose -2*x + 4*z + 190669 = x, 5*x - 3*z = 317789. Is x composite?
False
Suppose 16 = 4*l - 3*h, 0*l - 2*l + 34 = 5*h. Let t(o) = -13*o**2 - 9*o + 17. Let b(g) = -31*g**2 - 20*g + 39. Let q(f) = -3*b(f) + 7*t(f). Is q(l) composite?
False
Suppose 0 = -5*u - 61 + 21. Let q be 1*(-10)/u + 2/(-8). Is (54/(-4) - q)*(18 + -44) prime?
False
Let k(o) = -118*o + 1473. Is k(-4) composite?
True
Let v = 1971 + 374. Suppose 5*r = -5*n + 11680, 0*r + 4*n - v = -r. Is r a prime number?
True
Let d(f) = 27*f**2 - 5*f - 5 - f + 40*f**2 - 3*f**2. Is d(-8) a composite number?
False
Let q be (2 - -13) + (-5 - -2). Suppose -q*d = -6*d + 24936. Let l = 9663 + d. Is l prime?
True
Is ((-31367)/(-14))/((11/(-38))/(-11)) prime?
False
Let j(x) = 17*x**3 - 7*x**2 - 10 - 34*x**3 + 29. Is j(-5) composite?
True
Let a(m) = 24*m**2 - 23*m - 558. Is a(163) composite?
True
Let g = 380 + 16823. Is g prime?
True
Let j be (-10)/(-35) + 0 + 452124/21. Suppose 16*x = 6*x + j. Is x a composite number?
False
Suppose 7*s + 4389354 = 19532195. Is s a prime number?
True
Let u be (-17 + 2)*(-12)/20 + -3. Suppose -5*x = x - u. Is (3 - x) + 465*1 a prime number?
True
Let q = 1559 + -673. Let v = q - 393. Is v composite?
True
Let x(n) = 4*n - 18. Let m be x(7). Is 4/m + (-193758)/(-30) a composite number?
True
Let y be 75/(-10)*1 + (-1)/2. Is 4/y + 272139/14 composite?
True
Suppose -37*o + 32*o - 18648040 = -45*o. Is o a prime number?
True
Suppose -15212 = -3*p + 2*n, 3*p + 6*n - 15237 = 3*n. Let b = p - -3189. Is b prime?
True
Let f(n) = 4 - 9274*n**3 + 3*n**2 - 6*n**2 + 9281*n**3 - n. Is f(3) a prime number?
True
Is -11*(-27 + 3960208/(-209)) prime?
True
Let j be -2 - -40 - (10/1)/5. Let s = 39 - j. Suppose -2*c - s*b + 1007 = 0, 2*c + b = c + 504. Is c prime?
False
Let f(i) = -16487*i + 151. Is f(-8) prime?
True
Let a = 977 - 160. Suppose -t = -q - a, 3*t = t - 5*q + 1662. Let h = t + 20. Is h a composite number?
True
Let o(j) = 129527*j - 795. Is o(2) a composite number?
True
Let h be -1*(1 + 3) - 0 - -2343. Let j = -1450 + h. Is j a composite number?
True
Let o(c) = -5*c + 32. Let y be o(6). Let j(q) = -6*q**2 + 2*q**3 - 4 - 5*q + 13 + y*q - 4*q. Is j(5) prime?
False
Let d = -62633 + 252886. Is d composite?
True
Suppose -3*u + 2*x = 2, 0 = 3*u + 3*x - x + 22. Let d be ((-29)/(-4))/(u/(-16)). Suppose -d*k + 33*k = 1604. Is k a composite number?
False
Let m be (3*1)/((-99)/(-264)). Is -1*((-2)/m + 27110/(-8)) composite?
False
Let c be (-9)/36 + (-21)/12. Is (-130576)/(-144) - c/9 a composite number?
False
Suppose -5*f + 7 = -2*u - 18, 2*u + 10 = 0. Suppose -q = 3*l + l - 17940, 0 = -f*l - 5*q + 13438. Is ((-10)/20)/((-1)/l) a prime number?
True
Let j = 126532 + -69799. Let w = j - 20660. Is w a composite number?
False
Is ((-1177614)/60 - 3/5)*(-4)/6 a composite number?
True
Let p = -14759 + 51582. Is p a prime number?
False
Let u = -41 - -2902. Let v be (-249480)/(-32) - (6/(-8))/(-3). Suppose -15*l + v = u. Is l a composite number?
True
Let g(r) = -2*r - 12. Let o be g(-5). Let j be 18/12 - ((-33)/6 - o). Suppose -4*c = j*c - 6327. Is c a prime number?
False
Let b = -32 - -57. Suppose 4*q + 2*h - 40 = -2*h, b = 4*q + h. Suppose -4*w + 3*l = -1472, 0 = q*w - 3*l + 29 - 1866. Is w composite?
True
Let m be (-1112)/(-28) + (-90)/(-21) + -4. Let p(z) = 115*z - 183. Is p(m) prime?
False
Suppose 0 = 1067*v - 1061*v - 160782. Is v prime?
False
Let p = -329 - -1400. Is (-4)/(-42) - (-4869735)/p a composite number?
False
Let v be (36/16)/(3/12). Let k(z) = 128*z + 12. Let w(x) = 1. Let u(c) = k(c) - w(c). Is u(v) prime?
True
Is -3 - -10109 - (-3 + (6 + -12 - -2)) composite?
True
Let h(t) = t**3 - 31*t**2 + t - 3. Let i be h(31). Suppose 0*b = -i*b + 145796. Is b a composite number?
True
Let k(b) = -b**3 - 3*b**2 + 6*b + 10. Let i be k(-4). Suppose i*p - 10855 = -15*f + 12*f, -4*p + 21715 = 5*f. Is p a prime number?
False
Is (-3)/(-4*9/93468) prime?
True
Let j be 210/(-28)*6/5. Let t be j/(-15) + (-112)/(-5). Suppose z + 0*z = t. Is z composite?
False
Let q(a) = -a**3 + 2*a**2 + 8*a + 6. Let p(o) = o**3 - 2*o**2 - 9*o - 6. Let u(i) = -4*p(i) - 5*q(i). Let n be u(4). Is (-1908)/(-10) + 2/n a composite number?
False
Let o(m) = 847*m**2 - 5*m + 1. Let l(t) = 2*t - 32. Let n be l(20). Let f = n + -11. Is o(f) composite?
False
Let n = 42323 - -36284. Is n a prime number?
True
Let t = -471 + 519. Suppose t*k - 112820 - 122524 = 0. Is k composite?
False
Suppose 136*y - 134*y + 4*o - 179894 = 0, -2*y = -3*o - 179936. Is y a composite number?
False
Let a = 247754 - -62313. Is a a composite number?
True
Suppose -2*r - 3 = 4*z - 3*z, 3*r + 2*z = -6. Suppose 5*c - o - 23684 = r, c - 2*c + 5*o + 4732 = 0. Is c a composite number?
True
Let c be (-2416)/(-6) + 15/45. Suppose 0*i + 3*i - 4*p = 398, 5*p = 3*i - c. Is -1 - 2 - (-4 - i) a prime number?
True
Let x be 385/28 + 3/(-4). Is -1*16916/(-6) + x/(-39) prime?
True
Let t(y) = -2*y**3 + 3*y**2 + 8*y - 3. Let s be t(5). Let q be (-280)/(-42)*s/(-8). Suppose 0 = q*a - 119*a + 2164. Is a a prime numbe